rime number?
False
Is 2382371 a prime number?
True
Is 4579409 prime?
False
Is 23080843 a composite number?
False
Is 16695871 composite?
False
Is 3777429 composite?
True
Is 4109485 prime?
False
Is 4705537 prime?
True
Is 6800909 a composite number?
True
Is 6118613 a composite number?
False
Is 2145511 a composite number?
True
Is 27865213 composite?
True
Is 412283 composite?
True
Is 37760977 prime?
True
Is 71486557 prime?
False
Is 10005497 a prime number?
True
Is 1383427 a prime number?
False
Is 5138381 a prime number?
False
Is 3079826 composite?
True
Is 45171767 prime?
True
Is 701481049 composite?
True
Is 292170889 a prime number?
True
Is 4786633 a prime number?
True
Is 81284167 a composite number?
False
Is 995453 a prime number?
False
Is 8798323 a composite number?
False
Is 14115703 composite?
True
Is 245957 a composite number?
True
Is 3108949 composite?
False
Is 5934523 composite?
True
Is 277355489 prime?
True
Is 18177973 a composite number?
True
Is 40093 a composite number?
False
Is 5968681 a composite number?
False
Is 234463543 composite?
True
Is 18489691 a composite number?
True
Is 205165183 a composite number?
False
Is 1071737 a prime number?
False
Is 104543023 a composite number?
True
Is 4554717 composite?
True
Is 48293653 a prime number?
False
Is 8337722 a prime number?
False
Is 4046657 prime?
True
Is 1841971 a composite number?
True
Is 31531811 a prime number?
False
Is 1439071 a composite number?
False
Is 7815887 a prime number?
True
Is 9876323 a composite number?
True
Is 60285493 prime?
False
Is 469529839 a prime number?
True
Is 75727 a composite number?
True
Is 579742 prime?
False
Is 7762843 a composite number?
True
Is 26249701 prime?
True
Is 16318957 a composite number?
False
Is 457139 a prime number?
True
Is 230531 a composite number?
True
Is 1045546129 prime?
True
Is 11884579 prime?
False
Is 53724299 prime?
True
Is 167441689 composite?
False
Is 1472509 composite?
True
Is 37656611 composite?
False
Is 16957433 a prime number?
False
Is 2871789 a prime number?
False
Is 1025467 a composite number?
True
Is 38907571 composite?
False
Is 761561 composite?
False
Is 18778723 a prime number?
False
Is 150001585 prime?
False
Is 213066187 a composite number?
False
Is 2611859 a composite number?
False
Is 226594363 a prime number?
True
Is 267182771 composite?
True
Is 3875189 a composite number?
True
Is 192055939 prime?
True
Is 13648413 prime?
False
Is 19568441 composite?
False
Is 74607487 composite?
False
Is 29498843 prime?
False
Is 18153251 composite?
False
Is 1123777 a prime number?
True
Is 251316433 prime?
False
Is 3631633 prime?
True
Is 4969369 composite?
False
Is 9748493 a prime number?
False
Is 739021 prime?
True
Is 548256767 a composite number?
False
Is 832313 composite?
True
Is 46706723 a composite number?
True
Is 46295603 a composite number?
False
Is 44735471 composite?
True
Is 2338891 prime?
False
Is 38753549 composite?
False
Is 6163007 a prime number?
True
Is 73527197 prime?
True
Is 3328921 a prime number?
False
Is 2486423 prime?
True
Is 126990793 a prime number?
False
Is 66108349 prime?
True
Is 1261109 composite?
False
Is 1515313 composite?
False
Is 24634381 prime?
False
Is 298145219 a composite number?
False
Is 1387980233 prime?
True
Is 2730720107 a prime number?
True
Is 24836323 a composite number?
False
Is 2344603 a composite number?
False
Is 9050347 a prime number?
True
Is 10225123 a prime number?
True
Is 465816109 a prime number?
False
Is 41042273 prime?
True
Is 1030454 a prime number?
False
Is 239635441 composite?
False
Is 12856281 a composite number?
True
Is 46622531 composite?
True
Is 6574423 prime?
True
Is 13670413 a composite number?
False
Is 3281485 a prime number?
False
Is 397747 prime?
False
Is 123393107 a composite number?
True
Is 27433661 composite?
True
Is 1788407 a composite number?
True
Is 6100081 prime?
False
Is 6432313 composite?
True
Is 79723859 composite?
False
Is 4840813 a prime number?
True
Is 218793737 a composite number?
False
Is 87685295 a composite number?
True
Is 4457093 composite?
False
Is 305147237 composite?
False
Is 1577951 composite?
True
Is 104524019 a composite number?
True
Is 1905121 composite?
False
Is 36563179 prime?
True
Is 180949 a composite number?
False
Is 5316793 a composite number?
True
Is 15732853 composite?
False
Is 21810493 prime?
True
Is 611816846 prime?
False
Is 106863803 prime?
True
Is 148278511 prime?
True
Is 168019 prime?
False
Is 157680611 prime?
False
Is 13213901 a composite number?
False
Is 42451221 a prime number?
False
Is 274312939 a prime number?
True
Is 10715839 a prime number?
True
Is 1008181 composite?
False
Is 24370873 a prime number?
True
Is 872401 a composite number?
True
Is 102965 a composite number?
True
Is 25139203 composite?
True
Is 85540021 prime?
False
Is 6035321 a prime number?
True
Is 600572003 prime?
True
Is 35557463 a prime number?
True
Is 42719101 a prime number?
False
Is 4073131 composite?
True
Is 43331047 composite?
True
Is 10159207 a composite number?
False
Is 25215781 composite?
False
Is 2064091 a prime number?
False
Is 291098147 a composite number?
False
Is 21259471 a composite number?
False
Is 150151 a prime number?
True
Is 558815974 a prime number?
False
Is 9526891 a composite number?
True
Is 67589 prime?
True
Is 12412034 composite?
True
Is 457717109 composite?
False
Is 26441149 composite?
True
Is 14039419 a prime number?
True
Is 8794409 a composite number?
True
Is 46881031 a composite number?
False
Is 2520499 a composite number?
True
Is 15331183 a composite number?
True
Is 73862083 a composite number?
False
Is 28113871 prime?
False
Is 14715227 composite?
False
Is 2305033 a composite number?
True
Is 221978158 a prime number?
False
Is 104560333 a prime number?
True
Is 53425678 prime?
False
Is 18803491 a prime number?
False
Is 29696285 a composite number?
True
Is 1769555 composite?
True
Is 69422501 composite?
False
Is 3513991 composite?
True
Is 23747803 a prime number?
True
Is 396173 a prime number?
True
Is 39087673 composite?
False
Is 171554671 a composite number?
False
Is 2460991 composite?
True
Is 230531 composite?
True
Is 729957179 composite?
True
Is 6732029 prime?
True
Is 413161 a composite number?
True
Is 27016235 a prime number?
False
Is 209710573 prime?
False
Is 6826267 a composite number?
True
Is 9783713 a prime number?
True
Is 4889063 a prime number?
True
Is 270257917 prime?
True
Is 930931 a prime number?
True
Is 11439047 prime?
True
Is 1763558 prime?
False
Is 82421 a prime number?
True
Is 2553149 a composite number?
False
Is 676337 a composite number?
False
Is 36026 prime?
False
Is 20298469 composite?
False
Is 2213239 a prime number?
False
Is 67868569 a composite number?
False
Is 77161061 prime?
True
Is 30395621 prime?
True
Is 326532277 composite?
True
Is 10310291 a prime number?
True
Is 698332423 a prime number?
False
Is 10140259 a composite number?
False
Is 24949789 composite?
False
Is 100481711 prime?
False
Is 18788347 a composite number?
True
Is 1946579 a prime number?
True
Is 696659 composite?
False
Is 364841 a composite number?
True
Is 49185991 composite?
True
Is 98290879 prime?
False
Is 3366269 composite?
True
Is 118155799 composite?
True
Is 5445691 a composite number?
True
Is 17243269 composite?
True
Is 113234717 a composite number?
True
Is 1463531 a prime number?
False
Is 38929237 composite?
False
Is 1462553 composite?
True
Is 4157243 prime?
False
Is 10659963 prime?
False
Is 996943 a prime number?
False
Is 355763 a prime number?
True
Is 41649637 a composite number?
False
Is 229616459 a prime number?
False
Is 1351523 prime?
True
Is 177217 composite?
False
Is 9327943 prime?
False
Is 3416453 a prime number?
True
Is 65577119 prime?
True
Is 329721209 a composite number?
True
Is 6191377 prime?
False
Is 100928671 prime?
False
Is 10777673 prime?
False
Is 4168627 a prime number?
True
Is 2668553 a composite number?
False
Is 127531 a composite number?
True
Is 1069681 a prime number?
False
Is 7823078 a composite number?
True
Is 2943593 composite?
True
Is 5394463 a composite number?
False
Is 16768429 a composite number?
False
Is 31695997 prime?
True
Is 6252709 composite?
False
Is 7959793 a composite number?
False
Is 5892877 a prime number?
False
Is 5720657 a composite number?
False
Is 11325467 a prime number?
False
Is 431081 prime?
False
Is 22745